a - 13, -3*l + 3*a + t = -a. What is the tens digit of l?
1
Suppose 0 = -7*w + 3*w + 648. Suppose 0 = -4*y - 0*y - 5*k - w, -4*y + 5*k - 182 = 0. What is the tens digit of (-6)/2 - (y + 10)?
3
Let n = -12 - -15. Let i be (0 + -3)/(1/n). What is the tens digit of (-6)/i + 590/15?
4
Suppose -2974 + 22 = -3*j - 5*c, 2*c = -4*j + 3936. What is the units digit of j?
4
Let z = 30 - 79. Let n = z + 97. Suppose 4*p = 36 + n. What is the units digit of p?
1
Suppose -2*n + 10520 = 4*v, -19*v - 5*n = -15*v - 10514. What is the tens digit of v?
3
Let k(g) = g + 11. Let b(v) = v + 12. Suppose 3*y = 12 + 9. Let r(s) = y*k(s) - 6*b(s). What is the units digit of r(-3)?
2
Suppose 0 = -l - 2*l. Suppose l + 3 = -n - 3*m, -2*n + 16 = -5*m. Let w(f) = f**3 - 3*f + 1. What is the units digit of w(n)?
9
Suppose 11*n = 1751 - 255. What is the hundreds digit of n?
1
Let y = -15 + 9. Let u = 232 - 295. Let l = y - u. What is the tens digit of l?
5
Suppose 3*d + 0*d - 450 = -m, 5*m = -5*d + 2230. What is the hundreds digit of m?
4
Suppose -2*s + 5994 + 2072 = -2*d, 0 = 3*d - 15. What is the units digit of s?
8
Let f be (2 - (-6)/2)/1. Suppose 2*h - 25 = -0*h + 3*b, 4*h - 47 = f*b. What is the units digit of h?
8
Suppose 7*n = 12*n - 1675. What is the tens digit of n?
3
Let t = -235 - -236. Let g(y) = y**2 + 6*y + 7. Let h be g(-5). Let b = h - t. What is the units digit of b?
1
Let m be (5 + -17)*2/6. Let j(d) = -10*d - 1. What is the tens digit of j(m)?
3
Suppose -35 = 3*w - 8*w. Let n = w + -7. Suppose t - 10 - 11 = n. What is the tens digit of t?
2
Let z = -2 + 38. Suppose z = v - 28. What is the tens digit of v?
6
Let j(z) = z**2 + 5*z + 19. Let l be j(-9). Let u = 131 - l. What is the tens digit of u?
7
What is the units digit of (-2422745)/(-390) - (-1)/(-6)?
2
What is the hundreds digit of 4583 + 30/(-5 - 1) + 2?
5
Let a be (-12 + 2)/(1/(6/(-4))). What is the hundreds digit of 6/((-18)/a) - -145?
1
Let g be 6 + (-638)/(-10) - 2/(-10). What is the units digit of -52*(-65)/g - (-4)/(-14)?
8
Let m be 1*-1*(-51 + 18). Suppose q - m = -6. What is the tens digit of q?
2
Let s = 3711 - 1148. What is the units digit of s?
3
Let u(g) = g**3 + 6*g**2 + 4*g - 5. Let o be u(-5). Suppose o = -2*r - 4, -3*r = 3*f - 202 - 11. What is the tens digit of f?
7
Let g = -247 + 339. What is the tens digit of g?
9
Suppose -6*n + 3280 = -3692. What is the thousands digit of n?
1
Suppose 0 = c - p - 10, c - 4*p = 6 + 19. Suppose -c*u + 196 = -4*m, 3*u - 47 = m + 72. What is the tens digit of u?
4
Suppose 15*o - 13*o - 20 = 0. Suppose -o*c = -3100 + 280. What is the hundreds digit of c?
2
Let y(f) be the third derivative of -1/24*f**4 + 0 + 0*f + f**2 - 1/3*f**3. What is the units digit of y(-3)?
1
Suppose 5*b - 5 = -3*r, -4 = -2*r - 3*b - b. Suppose -5*v + 225 = -r*v. What is the units digit of (15/v)/(1/18)?
6
Let n = -48 + 36. Let o = 31 - 7. Let m = n + o. What is the tens digit of m?
1
Let x = -75 + 125. Let p = x - 10. What is the units digit of p?
0
Let o(g) = 18*g**2 + 1. Let z be o(1). What is the hundreds digit of 40534/247 + (-2)/z?
1
Let h(q) = 19*q - 1. Let n be h(3). Suppose 3*m + 4*o - n = 0, -m - 2*o = 8 - 24. What is the tens digit of m?
2
What is the units digit of 8289/9*1 + 1?
2
Let w be -1*(-20)/(12/3). Suppose w*s + 2*k - 17 + 103 = 0, -5*k = -5*s - 100. What is the units digit of (9 - s)*(-1)/(-3)?
9
Suppose -2*r + 3*r + 5*n - 22 = 0, n = -2*r + 8. Let x = 6 + -5. Let p = r + x. What is the units digit of p?
3
Let k be 8 + -4 + -4*(-2)/(-2). What is the hundreds digit of (26/(-3) - k)/(6/(-153))?
2
Let y = 94 - -136. What is the hundreds digit of y?
2
Suppose -8*x = -3*x - 2*v - 3543, 2*x = 2*v + 1416. What is the units digit of x?
9
Let p(n) = -230*n - 2. What is the hundreds digit of p(-3)?
6
Suppose 3*u + 3*u + 276 = 0. What is the tens digit of ((-106)/4)/(23/u)?
5
Let a = -6 - -8. Suppose -a*c - 7 = 5*z, -4*c + z = -2*z - 25. Suppose -2*q + c = -q. What is the units digit of q?
4
Let t = -540 + 1323. What is the units digit of t?
3
Suppose -t + 69 = -37. Suppose 8*g + t = 922. What is the tens digit of g?
0
Let t(u) = -89*u - 1. Let n be t(-3). Let d = n - 179. What is the units digit of d?
7
Suppose 733 = 4*g - 195. What is the hundreds digit of g?
2
Suppose 0 = -5*m - 0*m + 15. Let k(r) = r**3 - 6*r**2 + r - 1. Let g be k(6). Suppose m*n - 36 = h, -g*n + 2*n + 4*h = -36. What is the units digit of n?
2
Let u be (-1 - 0)/(3/(-21)). Suppose -2*l - 3 = -u. Suppose 5 = -a, -3*x + 2*a = l*x - 45. What is the units digit of x?
7
Suppose m + 15 = 2*z, 4*m + 6 = 3*z - 4. What is the tens digit of 185/z + 1/2?
1
Let r(w) = -w**3 + 6*w**2 - 2*w + 8. Let q(n) = n**2 - 5*n + 6. Let t be q(3). Suppose 3*p - 3*b + t*b = 24, 36 = 4*p - 5*b. What is the units digit of r(p)?
2
Suppose -4*u = -0*u - 1560. Suppose -66 - u = -6*x. What is the tens digit of x?
7
What is the thousands digit of (6254/10 - -9)*5?
3
What is the tens digit of 734 + 7/((-42)/24)?
3
Let q(i) = -11*i**2 + 7*i - 26. Let j(c) = -23*c**2 + 15*c - 52. Let f(l) = 6*j(l) - 13*q(l). What is the units digit of f(6)?
0
Suppose -65*o + 61*o + 204 = 0. What is the units digit of o?
1
Suppose -l = -r - 1083, -l + 946 = r - 133. What is the hundreds digit of l?
0
What is the hundreds digit of ((-758)/4)/(30/(-60))?
3
Suppose 5*k - 663 = 4*z, -6 = -z + 4*z. Suppose 3*f + 3*v = 2*v + 171, 0 = -2*f + 5*v + k. What is the tens digit of f?
5
Suppose 2*q - 6*q - i = -46, 2*q - 3*i - 30 = 0. What is the hundreds digit of (-9)/q + (-2457)/(-12)?
2
Let x be 35/(-3) - 32/(-48). Let z = -6 - x. What is the units digit of (2/z)/((-11)/(-495))?
8
Suppose -2*u = 3*h - 221, -108 = -3*u + 2*u + h. What is the tens digit of u?
0
Suppose 0 = 3*k + 5*g - 347, -20*g = 5*k - 24*g - 566. What is the tens digit of k?
1
Let l be (6544/(-48))/(2/(-6)). Suppose -5*b - 593 = -4*n, -b - l = -2*n - 108. What is the hundreds digit of n?
1
Let p(s) = 347*s + 6. Let k be p(-1). Let m = -16 - k. What is the tens digit of m?
2
Suppose -6*k = -k + 135. Suppose 0 = 7*h - 2*h + 145. Let t = k - h. What is the units digit of t?
2
Suppose 0 = 4*i - 2*i + 24. Let f(w) = -3*w + 12. Let z be f(3). Let s = z - i. What is the units digit of s?
5
Suppose 4*j - o + 52 = 0, 7*j - 4*j - 4*o + 52 = 0. Let x = j + 7. Let r = 32 + x. What is the tens digit of r?
2
Suppose -5*j = x - 49 - 46, -x + 75 = j. Let g = x - -27. What is the units digit of g?
7
Suppose 3*l - 5*l = 4*x - 562, 0 = -5*l + x + 1394. What is the hundreds digit of l?
2
Let h = 197 + 633. What is the units digit of h?
0
Let a = 38 - 36. Suppose -41 = a*s - 189. Suppose 7 = -4*i + 4*y + 151, -y = -2*i + s. What is the units digit of i?
8
Suppose -5*l - 70 - 50 = -5*z, 3*z - 120 = 5*l. What is the tens digit of l/16 - 121/(-2)?
5
What is the hundreds digit of 7647/((6/(-10))/(22/(-55)))?
0
Let v(s) = s**3 - 4*s**2 + 112*s + 33. What is the thousands digit of v(11)?
2
Let t be (-3)/9 + 19/3 + -4. Suppose 3*u - 317 = -5*q, 8*u - t*q - 487 = 3*u. What is the units digit of u?
9
Suppose 3*o - 472 = 485. What is the hundreds digit of o?
3
Let j be 72/28 - 4/7. Let z(o) = -o + 45 - 9 - 3 - o**j. What is the tens digit of z(0)?
3
Let f(r) = -18*r**3 - 2*r - 1. Let a be f(-1). Let y = a - -1. What is the units digit of y?
0
Let s = -18 - -23. Suppose 0 - 10 = s*c. What is the tens digit of 3 + (-90)/(-1 + c)?
3
What is the hundreds digit of 19093/19 - (-76)/722?
0
Suppose 0 + 10 = -5*p, 4*o = -5*p + 5082. What is the tens digit of o?
7
Suppose 21*c - 20*c = 1059. What is the thousands digit of c?
1
Let j(n) = 0*n + 5*n**3 - 2*n - 6*n**3 - 3*n**2 - 2 + 1. Let k be j(-3). Suppose u + 89 = k*z - 3*u, -z = -5*u - 22. What is the units digit of z?
7
Suppose -v + 4 = -0*v. Let z = 29 + v. Let n = 73 - z. What is the units digit of n?
0
Let t = -20 - -20. Suppose 5*y = d + 1 + 2, d - y - 1 = t. What is the units digit of d?
2
Let d = -67 + 30. Let f be -4 + (-22)/(-3 - -4). Let x = f - d. What is the units digit of x?
1
Let t(j) = -j. Let h be t(-14). Let l = h - -24. Suppose 8 - l = -c. What is the units digit of c?
0
Let w(b) = 5*b**2 - 20*b - 45. What is the hundreds digit of w(-12)?
9
Let f be (14/(-42))/((-1)/3). What is the tens digit of (-8)/(-20) - f/(-5)*1718?
4
Suppose 0 = -3*o + 7*o - 12. Suppose 4*